[INFO] fetching crate germ 0.3.9...
[INFO] checking germ-0.3.9 against master#e6e4f7ed1589e03bc2f6c5931c1a72e7947e8682 for beta-170-4
[INFO] extracting crate germ 0.3.9 into /workspace/builds/worker-0-tc2/source
[INFO] validating manifest of crates.io crate germ 0.3.9 on toolchain e6e4f7ed1589e03bc2f6c5931c1a72e7947e8682
[INFO] running `Command { std: CARGO_HOME="/workspace/cargo-home" RUSTUP_HOME="/workspace/rustup-home" "/workspace/cargo-home/bin/cargo" "+e6e4f7ed1589e03bc2f6c5931c1a72e7947e8682" "metadata" "--manifest-path" "Cargo.toml" "--no-deps", kill_on_drop: false }`
[INFO] removed /workspace/builds/worker-0-tc2/source/rust-toolchain.toml
[INFO] started tweaking crates.io crate germ 0.3.9
[INFO] finished tweaking crates.io crate germ 0.3.9
[INFO] tweaked toml for crates.io crate germ 0.3.9 written to /workspace/builds/worker-0-tc2/source/Cargo.toml
[INFO] crate crates.io crate germ 0.3.9 already has a lockfile, it will not be regenerated
[INFO] running `Command { std: CARGO_HOME="/workspace/cargo-home" RUSTUP_HOME="/workspace/rustup-home" "/workspace/cargo-home/bin/cargo" "+e6e4f7ed1589e03bc2f6c5931c1a72e7947e8682" "fetch" "--manifest-path" "Cargo.toml", kill_on_drop: false }`
[INFO] running `Command { std: "docker" "create" "-v" "/var/lib/crater-agent-workspace/builds/worker-0-tc2/target:/opt/rustwide/target:rw,Z" "-v" "/var/lib/crater-agent-workspace/builds/worker-0-tc2/source:/opt/rustwide/workdir:ro,Z" "-v" "/var/lib/crater-agent-workspace/cargo-home:/opt/rustwide/cargo-home:ro,Z" "-v" "/var/lib/crater-agent-workspace/rustup-home:/opt/rustwide/rustup-home:ro,Z" "-e" "SOURCE_DIR=/opt/rustwide/workdir" "-e" "CARGO_TARGET_DIR=/opt/rustwide/target" "-e" "CARGO_HOME=/opt/rustwide/cargo-home" "-e" "RUSTUP_HOME=/opt/rustwide/rustup-home" "-w" "/opt/rustwide/workdir" "-m" "1610612736" "--user" "0:0" "--network" "none" "ghcr.io/rust-lang/crates-build-env/linux@sha256:19e73879b68f455e41552ea35293514db52ea292d993f571636dbffedb77a1ee" "/opt/rustwide/cargo-home/bin/cargo" "+e6e4f7ed1589e03bc2f6c5931c1a72e7947e8682" "metadata" "--no-deps" "--format-version=1", kill_on_drop: false }`
[INFO] [stdout] a8ada1f361fd83dc3b9d60ba41b18b8291869b4d2227c9befdbac82baab4471b
[INFO] running `Command { std: "docker" "start" "-a" "a8ada1f361fd83dc3b9d60ba41b18b8291869b4d2227c9befdbac82baab4471b", kill_on_drop: false }`
[INFO] running `Command { std: "docker" "inspect" "a8ada1f361fd83dc3b9d60ba41b18b8291869b4d2227c9befdbac82baab4471b", kill_on_drop: false }`
[INFO] running `Command { std: "docker" "rm" "-f" "a8ada1f361fd83dc3b9d60ba41b18b8291869b4d2227c9befdbac82baab4471b", kill_on_drop: false }`
[INFO] [stdout] a8ada1f361fd83dc3b9d60ba41b18b8291869b4d2227c9befdbac82baab4471b
[INFO] running `Command { std: "docker" "create" "-v" "/var/lib/crater-agent-workspace/builds/worker-0-tc2/target:/opt/rustwide/target:rw,Z" "-v" "/var/lib/crater-agent-workspace/builds/worker-0-tc2/source:/opt/rustwide/workdir:ro,Z" "-v" "/var/lib/crater-agent-workspace/cargo-home:/opt/rustwide/cargo-home:ro,Z" "-v" "/var/lib/crater-agent-workspace/rustup-home:/opt/rustwide/rustup-home:ro,Z" "-e" "SOURCE_DIR=/opt/rustwide/workdir" "-e" "CARGO_TARGET_DIR=/opt/rustwide/target" "-e" "CARGO_INCREMENTAL=0" "-e" "RUST_BACKTRACE=full" "-e" "RUSTFLAGS=--cap-lints=forbid" "-e" "RUSTDOCFLAGS=--cap-lints=forbid" "-e" "CARGO_HOME=/opt/rustwide/cargo-home" "-e" "RUSTUP_HOME=/opt/rustwide/rustup-home" "-w" "/opt/rustwide/workdir" "-m" "1610612736" "--user" "0:0" "--network" "none" "ghcr.io/rust-lang/crates-build-env/linux@sha256:19e73879b68f455e41552ea35293514db52ea292d993f571636dbffedb77a1ee" "/opt/rustwide/cargo-home/bin/cargo" "+e6e4f7ed1589e03bc2f6c5931c1a72e7947e8682" "check" "--frozen" "--all" "--all-targets" "--message-format=json", kill_on_drop: false }`
[INFO] [stdout] 893414b44aaa0f1755d8bf2d96572cbc2b0b0ed756e32e47fee7ac261132a6d3
[INFO] running `Command { std: "docker" "start" "-a" "893414b44aaa0f1755d8bf2d96572cbc2b0b0ed756e32e47fee7ac261132a6d3", kill_on_drop: false }`
[INFO] [stderr]    Compiling cc v1.0.79
[INFO] [stderr]    Compiling libc v0.2.141
[INFO] [stderr]     Checking tinyvec_macros v0.1.1
[INFO] [stderr]     Checking spin v0.5.2
[INFO] [stderr]     Checking untrusted v0.7.1
[INFO] [stderr]     Checking once_cell v1.17.1
[INFO] [stderr]     Checking unicode-bidi v0.3.13
[INFO] [stderr]     Checking percent-encoding v2.2.0
[INFO] [stderr]    Compiling rustls v0.21.0
[INFO] [stderr]    Compiling anyhow v1.0.70
[INFO] [stderr]     Checking tinyvec v1.6.0
[INFO] [stderr]     Checking form_urlencoded v1.1.0
[INFO] [stderr]    Compiling ring v0.16.20
[INFO] [stderr]     Checking unicode-normalization v0.1.22
[INFO] [stderr]     Checking idna v0.3.0
[INFO] [stderr]     Checking url v2.3.1
[INFO] [stderr]     Checking sct v0.7.0
[INFO] [stderr]     Checking rustls-webpki v0.100.1
[INFO] [stderr]     Checking germ v0.3.9 (/opt/rustwide/workdir)
[INFO] [stdout] error[E0433]: failed to resolve: use of undeclared crate or module `tokio`
[INFO] [stdout]   --> examples/async_request.rs:19:3
[INFO] [stdout]    |
[INFO] [stdout] 19 | #[tokio::main]
[INFO] [stdout]    |   ^^^^^ use of undeclared crate or module `tokio`
[INFO] [stdout] 
[INFO] [stdout] 
[INFO] [stdout] error[E0433]: failed to resolve: could not find `gemini_to_ast` in `germ`
[INFO] [stdout]    --> tests/ast.rs:113:13
[INFO] [stdout]     |
[INFO] [stdout] 113 |       germ::gemini_to_ast!(EXAMPLE_GEMTEXT).to_gemtext(),
[INFO] [stdout]     |             ^^^^^^^^^^^^^ could not find `gemini_to_ast` in `germ`
[INFO] [stdout] 
[INFO] [stdout] 
[INFO] [stdout] error[E0432]: unresolved imports `germ::quick`, `germ::quick`
[INFO] [stdout]   --> tests/quick.rs:21:13
[INFO] [stdout]    |
[INFO] [stdout] 21 |   use germ::quick::{self, heading};
[INFO] [stdout]    |             ^^^^^   ^^^^ no `quick` in the root
[INFO] [stdout]    |             |
[INFO] [stdout]    |             could not find `quick` in `germ`
[INFO] [stdout] 
[INFO] [stdout] 
[INFO] [stdout] error[E0433]: failed to resolve: could not find `quick` in `germ`
[INFO] [stdout]   --> tests/quick.rs:25:39
[INFO] [stdout]    |
[INFO] [stdout] 25 |     assert_eq!(heading("Soup", &germ::quick::HeadingLevel::One), "# Soup");
[INFO] [stdout]    |                                       ^^^^^ could not find `quick` in `germ`
[INFO] [stdout] 
[INFO] [stdout] 
[INFO] [stdout] error[E0433]: failed to resolve: could not find `quick` in `germ`
[INFO] [stdout]   --> tests/quick.rs:27:36
[INFO] [stdout]    |
[INFO] [stdout] 27 |       heading("Vegetables", &germ::quick::HeadingLevel::Two),
[INFO] [stdout]    |                                    ^^^^^ could not find `quick` in `germ`
[INFO] [stdout] 
[INFO] [stdout] 
[INFO] [stdout] error[E0433]: failed to resolve: could not find `quick` in `germ`
[INFO] [stdout]   --> tests/quick.rs:31:32
[INFO] [stdout]    |
[INFO] [stdout] 31 |       heading("Fruits", &germ::quick::HeadingLevel::Three),
[INFO] [stdout]    |                                ^^^^^ could not find `quick` in `germ`
[INFO] [stdout] 
[INFO] [stdout] 
[INFO] [stdout] error[E0433]: failed to resolve: could not find `sync` in `request`
[INFO] [stdout]   --> examples/async_request.rs:21:24
[INFO] [stdout]    |
[INFO] [stdout] 21 |   match germ::request::sync::request(
[INFO] [stdout]    |                        ^^^^ could not find `sync` in `request`
[INFO] [stdout] 
[INFO] [stdout] 
[INFO] [stdout] error: aborting due to 4 previous errors
[INFO] [stdout] 
[INFO] [stdout] 
[INFO] [stdout] Some errors have detailed explanations: E0432, E0433.
[INFO] [stdout] 
[INFO] [stdout] For more information about an error, try `rustc --explain E0432`.
[INFO] [stdout] 
[INFO] [stdout] error: aborting due to previous error
[INFO] [stdout] 
[INFO] [stdout] 
[INFO] [stdout] For more information about this error, try `rustc --explain E0433`.
[INFO] [stdout] 
[INFO] [stdout] error[E0432]: unresolved imports `germ::gemini_to_html`, `germ::gemini_to_md`
[INFO] [stdout]   --> tests/convert.rs:23:5
[INFO] [stdout]    |
[INFO] [stdout] 23 |     gemini_to_html,
[INFO] [stdout]    |     ^^^^^^^^^^^^^^ no `gemini_to_html` in the root
[INFO] [stdout] 24 |     gemini_to_md,
[INFO] [stdout]    |     ^^^^^^^^^^^^ no `gemini_to_md` in the root
[INFO] [stdout] 
[INFO] [stdout] 
[INFO] [stdout] error: cannot determine resolution for the macro `gemini_to_md`
[INFO] [stdout]   --> tests/convert.rs:68:16
[INFO] [stdout]    |
[INFO] [stdout] 68 |     assert_eq!(gemini_to_md!("=> /to hello !"), "[hello !](/to)\n",);
[INFO] [stdout]    |                ^^^^^^^^^^^^
[INFO] [stdout]    |
[INFO] [stdout]    = note: import resolution is stuck, try simplifying macro imports
[INFO] [stdout] 
[INFO] [stdout] 
[INFO] [stdout] error: cannot determine resolution for the macro `gemini_to_html`
[INFO] [stdout]   --> tests/convert.rs:43:7
[INFO] [stdout]    |
[INFO] [stdout] 43 |       gemini_to_html!("=> /to hello !"),
[INFO] [stdout]    |       ^^^^^^^^^^^^^^
[INFO] [stdout]    |
[INFO] [stdout]    = note: import resolution is stuck, try simplifying macro imports
[INFO] [stdout] 
[INFO] [stdout] 
[INFO] [stdout] error[E0752]: `main` function is not allowed to be `async`
[INFO] [stdout]   --> examples/async_request.rs:20:1
[INFO] [stdout]    |
[INFO] [stdout] 20 | async fn main() {
[INFO] [stdout]    | ^^^^^^^^^^^^^^^ `main` function is not allowed to be `async`
[INFO] [stdout] 
[INFO] [stdout] 
[INFO] [stderr] error: could not compile `germ` (test "ast") due to 2 previous errors
[INFO] [stderr] warning: build failed, waiting for other jobs to finish...
[INFO] [stderr] error: could not compile `germ` (test "quick") due to 5 previous errors
[INFO] [stdout] error: aborting due to 3 previous errors
[INFO] [stdout] 
[INFO] [stdout] 
[INFO] [stdout] Some errors have detailed explanations: E0433, E0752.
[INFO] [stdout] 
[INFO] [stdout] For more information about an error, try `rustc --explain E0433`.
[INFO] [stdout] 
[INFO] [stdout] error: aborting due to 3 previous errors
[INFO] [stdout] 
[INFO] [stdout] 
[INFO] [stdout] For more information about this error, try `rustc --explain E0432`.
[INFO] [stdout] 
[INFO] [stderr] error: could not compile `germ` (example "async_request") due to 4 previous errors
[INFO] [stderr] error: could not compile `germ` (test "convert") due to 4 previous errors
[INFO] running `Command { std: "docker" "inspect" "893414b44aaa0f1755d8bf2d96572cbc2b0b0ed756e32e47fee7ac261132a6d3", kill_on_drop: false }`
[INFO] running `Command { std: "docker" "rm" "-f" "893414b44aaa0f1755d8bf2d96572cbc2b0b0ed756e32e47fee7ac261132a6d3", kill_on_drop: false }`
[INFO] [stdout] 893414b44aaa0f1755d8bf2d96572cbc2b0b0ed756e32e47fee7ac261132a6d3
